6 = 5*r, -5*k + r = -185. List the prime factors of k.
2, 3
Let n(t) = t**2 + 2*t - 14. What are the prime factors of n(6)?
2, 17
Suppose 0 = -0*a + 3*a - 24. Suppose -o + a = -14. What are the prime factors of o?
2, 11
Let d(z) = 12*z - 13. Let i(q) = -4*q + 4. Let n(v) = -3*d(v) - 8*i(v). What are the prime factors of n(-6)?
31
Suppose 135 = 5*k - 3*w - 101, k - 5*w - 34 = 0. Suppose 2*o + v + 25 = -0*v, -4*o - k = v. List the prime factors of o/(-10)*(-30)/(-12).
3
Suppose 5*x = 3 + 2, -5*x - 1 = -3*i. Let c(b) = -b**3 + 3*b**2 - 2. Let g be c(3). What are the prime factors of 13 + (g*2)/i?
11
Let r(w) = -2*w - 9. Let k be r(-6). Suppose -4*l + 18 = -k*l. What are the prime factors of (-14)/3*l/(-7)?
2, 3
Let j = 0 - 3. List the prime factors of (j - 0)/((-3)/10).
2, 5
Let a = 0 - 0. Let p(k) = 3*k + 1 - k**2 + a - 9*k. What are the prime factors of p(-5)?
2, 3
Suppose -n + 2*t = -8, t = 5*n + 4*t + 25. Let d = 7 + n. What are the prime factors of d?
5
Let f = -7 - 1. What are the prime factors of (4/f)/((-3)/114)?
19
Suppose -5*g - 240 = -2*i, 64 = -5*i + 2*g + 622. List the prime factors of i.
2, 5, 11
Suppose -32*b = -27*b - 660. What are the prime factors of b?
2, 3, 11
Let v = 51 - 42. What are the prime factors of v?
3
Suppose 3*c = f - 18, 5*c + 90 = 7*f - 2*f. Let o = f - 8. What are the prime factors of o?
2, 5
Let u = 22 - 20. Suppose -55 = -u*c - k, 0 = 4*c - 0*c - 4*k - 140. List the prime factors of c.
2, 3, 5
Let z be 2/9 + (-1000)/45. Let w = -8 - z. Suppose -4*m = -50 - w. List the prime factors of m.
2
Let r = 28 - 10. List the prime factors of r.
2, 3
Let h(i) = i**2 + 5*i + 5. Let s be h(-5). Suppose -b = -s*w + 119, -5*b + b = 3*w - 53. List the prime factors of w.
23
Suppose 0 = 2*v, 2*i + 2*i + 5*v + 20 = 0. Let f be (-8)/(-2*2/4). Let x = i + f. What are the prime factors of x?
3
Let q = -38 - -19. Let i = 27 + q. List the prime factors of i.
2
Let i = -43 - -60. Suppose 24 = 4*b - 16. Suppose -i = -3*s + b. What are the prime factors of s?
3
Let x(l) = 0*l**3 + 0*l**3 + 3*l**3 - 5*l**3 - 1 - l**2. What are the prime factors of x(-2)?
11
Suppose -24 = 3*c - 90. Suppose -11 = -3*g + c. What are the prime factors of g?
11
Let v(w) = -3*w + 5. Let o = -10 + 6. What are the prime factors of v(o)?
17
Let x(q) = 8*q + 11. What are the prime factors of x(19)?
163
Let o = 11 - 6. Let n(b) = b**2. Let k be n(o). Suppose -y = -4*z + 58, -3*z + 73 - k = -3*y. List the prime factors of z.
2, 7
Suppose -20 = -5*l + l. Suppose -3*j - 1 = -4*j, l*j + 1 = 2*o. What are the prime factors of o?
3
Let x(r) = 3*r**2 - 16*r + 23. List the prime factors of x(9).
2, 61
Suppose 5*b - 3*k = 149, 68 = 2*b - k + 4*k. What are the prime factors of b?
31
Suppose 4*g = 4*y - 16, 2*g - 14 = -4*y + 4*g. Suppose y*h = 27 - 9. What are the prime factors of 70/h + (-1)/(-3)?
2, 3
Let t(j) = -j**3 - 7*j**2 - 5*j + 7. Let k be (-8)/(-1 + 2) - -2. Let c be t(k). Suppose -p - 2*p = -3*r - 9, -p = -2*r - c. What are the prime factors of p?
5
Let y(v) = 2*v - 18. Let z = -20 + 32. List the prime factors of y(z).
2, 3
Let g be 20/6*6/(-5). Let d(c) = 5*c**3 - 8*c**2 + 4*c + 6. Let j(x) = -4*x**3 + 8*x**2 - 3*x - 5. Let f(w) = g*j(w) - 3*d(w). List the prime factors of f(8).
2
Let m(h) be the first derivative of h**2/2 + 2*h - 1. Let y(u) = u**3 + 13*u**2 + 11*u - 12. Let x be y(-12). List the prime factors of m(x).
2
Suppose 6 + 10 = -4*f. Suppose 0 = -2*n - 1 + 7. What are the prime factors of 14 - (f - -3) - n?
2, 3
Let p(f) = -f**2 - f - 1. Let g be p(-8). List the prime factors of g/(-2)*(-3 + 5).
3, 19
Let b(q) = q**2 + q - 4. Suppose -5*k - 25 = -0*k. What are the prime factors of b(k)?
2
Suppose 2*n = -2*i - 3*n, 4*i = -3*n + 14. Suppose 2*j - i = -1. List the prime factors of j.
2
Let n(q) = q**2 - 3*q - 2. Let f be n(3). Let w be 20 + (-3 - f) + 2. Let v = -14 + w. What are the prime factors of v?
7
Let q be (-42)/(-8) + (-3)/(-4). Let j = q + -23. Let p = -10 - j. What are the prime factors of p?
7
Let t be 4/10 + 114/15. Let d(l) = -1 - 3*l - t*l**2 + 11*l - 4 - l**3. List the prime factors of d(-9).
2
List the prime factors of 17 + (-6)/3*(-4)/(-8).
2
Let w(x) = -x + 1. Let l be w(1). Let f = 0 - l. Suppose -s - 4*q + 14 = f, -q = -3*s - 6*q + 28. List the prime factors of s.
2, 3
Let i(a) = -2*a**3 - a**2 - 2*a. Let m be i(-2). Let c = m + -9. Let k = c + 2. What are the prime factors of k?
3
Suppose -5*z = -9 - 16. Suppose 0*r + 50 = z*r. What are the prime factors of r?
2, 5
Suppose 3*l = 8*l - 35. List the prime factors of l.
7
List the prime factors of 219/1 + (-15)/(-5).
2, 3, 37
Suppose -2*c - 3*c = 215. Let t = 83 + c. Suppose -4*n + 0*n = -t. What are the prime factors of n?
2, 5
Suppose 5*n - 4*n - 289 = -5*z, 4*z - 4*n = 212. Suppose -z = -0*m - 3*m. List the prime factors of m.
19
Let i = -40 - -25. Let n = 22 + i. What are the prime factors of n?
7
Let u = 89 - 74. What are the prime factors of u?
3, 5
Let p(g) = g - 4*g - 9 + 2*g + 7*g**2 + g**3. Let h be p(-7). What are the prime factors of h/(-4) - (-19)/2?
2, 5
Let g be 101/11 + (-8)/44. Let t(x) = -x**2 + 10*x - 1. What are the prime factors of t(g)?
2
List the prime factors of 23*(-2 - -5) + 4.
73
Let v = 75 + -2. What are the prime factors of v?
73
Let g(h) = 3*h - 4. Suppose 0*c = 5*c + 5*v - 45, 30 = 2*c + 5*v. What are the prime factors of g(c)?
11
Suppose 2 = p - 2*g + 1, -3*g = 5*p + 8. Let k = 0 - p. Suppose k + 4 = f. What are the prime factors of f?
5
Let p = -69 + 97. List the prime factors of p.
2, 7
Let g = 4 - 4. Suppose g = -i + 4*i + 3*h + 18, -5*i - 48 = -4*h. Let y = -6 - i. What are the prime factors of y?
2
Let y be (-5 + 2)/((-3)/(-2)). List the prime factors of ((-100)/8)/(y/4).
5
Let v(w) = 4*w**2 + w + 1. Let r be v(-1). Suppose -r*a - 15 = 21. Let x(m) = m**3 + 10*m**2 + 8*m + 3. What are the prime factors of x(a)?
2, 3
Let t = -5 - -22. List the prime factors of t.
17
List the prime factors of (-729)/(-21) + (-4)/(-14) - -1.
2, 3
Let o = 4 + 4. List the prime factors of o.
2
List the prime factors of (-1856)/(-28) - (9/7 + -1).
2, 3, 11
List the prime factors of (-5 - 1)/(1 - (-242)/(-238)).
3, 7, 17
Let a(r) = -r - 2. Let w be (-2 + 1)*5 + 0. Let k be a(w). Suppose -l - 3*l + 54 = -2*b, 4*b = k*l - 48. What are the prime factors of l?
2, 3
Let n = 23 + -11. Let u be (33/(-2))/((-9)/n). Suppose -5*q + 8 = -u. List the prime factors of q.
2, 3
Let y(p) = 2*p**2 - p - 2. Let n be y(2). Suppose 66 = -n*w - 118. Let h = -33 - w. List the prime factors of h.
13
Let z be ((-2)/(-6))/((-2)/(-12)). List the prime factors of (-69)/(-3) + 1 + z.
2, 13
Let s = -35 - -90. List the prime factors of s.
5, 11
Let q be (-1 + 1)*1 + 0. Suppose -2*j + b + 3 = -7, 0 = 3*b. Suppose q*t + 2*t - 59 = -j*m, -5*t + 32 = 2*m. List the prime factors of m.
11
Let d be 0 + 1 - 7/(-1). Let z = 4 + d. Suppose -s = -4*s + z. What are the prime factors of s?
2
Let c(r) be the second derivative of -r**3/6 - 2*r**2 + 2*r. Let s be c(-4). Suppose s = -3*d - 3, 3*d = 5*t - 80 + 22. List the prime factors of t.
11
Suppose 0*r + 4 = 2*r. Suppose r*k + 32 + 48 = 2*i, k + 3 = 0. What are the prime factors of i?
37
List the prime factors of (4 + (-120)/28)*-21.
2, 3
Suppose 4*s - 14 = 2*v, -2*v + 4*s = v + 11. Suppose 0 = a + 4*f - 1, 28 = 2*a + 3*a - v*f. What are the prime factors of a?
5
Let s = -3 + 7. Suppose 3*z + 7 = s. List the prime factors of 48/4 - (0 - z).
11
Let f = 68 + 44. What are the prime factors of f?
2, 7
Let g(z) be the second derivative of z**5/20 - z**4/6 + z**2 + 2*z. Let s be g(2). Suppose 6 = 2*h - s. List the prime factors of h.
2
Let l(y) = 6*y. Let f = -7 - -8. List the prime factors of l(f).
2, 3
Suppose -4*h + 3*d - 2*d + 15 = 0, 0 = -3*h - d + 20. What are the prime factors of h?
5
Let f = -80 + 128. List the prime factors of (f/18)/(2/12).
2
Let z be 4*(-14)/(-4) - 0. Suppose 5*r - 55 = -5*l, 4*r - 17 = l + 12. Let f = z - r. What are the prime factors of f?
2, 3
Suppose 3*i - v - 112 = 61, -5*i = -5*v - 285. List the prime factors of i.
2, 29
Let z be (1 + 0)/(7/35). Suppose k + 2 = z. List the prime factors of k.
3
What are the prime factors of -12*((-285)/20)/3?
3, 19
Suppose n + 5*f - 187 = 0, 0 = n + f + 3*f - 182. List the prime factors of n.
2, 3
Sup